hat is the millions digit of 14833699?
4
What is the tens digit of 8741355?
5
What is the ten thousands digit of 897777?
9
What is the units digit of 139296?
6
What is the units digit of 667348?
8
What is the units digit of 9663?
3
What is the tens digit of 39950?
5
What is the hundred thousands digit of 1105583?
1
What is the hundreds digit of 23677767?
7
What is the hundred thousands digit of 125468?
1
What is the hundred thousands digit of 1800435?
8
What is the hundred thousands digit of 604494?
6
What is the hundred thousands digit of 429344?
4
What is the hundred thousands digit of 333011?
3
What is the hundred thousands digit of 217705?
2
What is the hundreds digit of 13803?
8
What is the tens digit of 2245882?
8
What is the units digit of 51279?
9
What is the hundred thousands digit of 3411623?
4
What is the ten thousands digit of 221569?
2
What is the millions digit of 11581403?
1
What is the millions digit of 8309119?
8
What is the ten thousands digit of 121950?
2
What is the tens digit of 2543200?
0
What is the hundred thousands digit of 454069?
4
What is the ten thousands digit of 4708972?
0
What is the thousands digit of 7525260?
5
What is the hundreds digit of 1383562?
5
What is the tens digit of 1434627?
2
What is the tens digit of 840831?
3
What is the hundred thousands digit of 120343?
1
What is the ten thousands digit of 858442?
5
What is the hundred thousands digit of 2200840?
2
What is the ten thousands digit of 211232?
1
What is the thousands digit of 322483?
2
What is the hundreds digit of 1146266?
2
What is the hundreds digit of 161311?
3
What is the ten thousands digit of 199142?
9
What is the hundreds digit of 116396?
3
What is the tens digit of 201710?
1
What is the hundreds digit of 3272209?
2
What is the units digit of 40111?
1
What is the ten thousands digit of 2731867?
3
What is the units digit of 151425?
5
What is the ten thousands digit of 25774403?
7
What is the tens digit of 11132378?
7
What is the tens digit of 785917?
1
What is the millions digit of 4092289?
4
What is the units digit of 14783701?
1
What is the tens digit of 816330?
3
What is the millions digit of 1207145?
1
What is the millions digit of 6800702?
6
What is the ten thousands digit of 173660?
7
What is the thousands digit of 851522?
1
What is the thousands digit of 70481?
0
What is the tens digit of 16150?
5
What is the tens digit of 10711673?
7
What is the thousands digit of 212539?
2
What is the thousands digit of 86802?
6
What is the thousands digit of 12815198?
5
What is the units digit of 536345?
5
What is the thousands digit of 44981?
4
What is the hundred thousands digit of 270894?
2
What is the tens digit of 233377?
7
What is the hundred thousands digit of 1324244?
3
What is the hundreds digit of 634683?
6
What is the hundred thousands digit of 144916?
1
What is the units digit of 1085660?
0
What is the millions digit of 1204072?
1
What is the thousands digit of 21752307?
2
What is the ten thousands digit of 14942996?
4
What is the millions digit of 10525218?
0
What is the millions digit of 12513037?
2
What is the units digit of 72856?
6
What is the hundred thousands digit of 11177684?
1
What is the tens digit of 584736?
3
What is the thousands digit of 55638?
5
What is the hundred thousands digit of 8832933?
8
What is the hundred thousands digit of 10620937?
6
What is the hundred thousands digit of 7243259?
2
What is the ten thousands digit of 6935511?
3
What is the thousands digit of 12820969?
0
What is the hundreds digit of 239388?
3
What is the units digit of 2044179?
9
What is the millions digit of 1960141?
1
What is the millions digit of 1263867?
1
What is the hundred thousands digit of 2417509?
4
What is the thousands digit of 333391?
3
What is the tens digit of 3508938?
3
What is the units digit of 964657?
7
What is the tens digit of 758731?
3
What is the units digit of 11032526?
6
What is the millions digit of 25177339?
5
What is the hundreds digit of 10390862?
8
What is the hundreds digit of 114200?
2
What is the hundred thousands digit of 366382?
3
What is the thousands digit of 191642?
1
What is the hundreds digit of 594636?
6
What is the ten thousands digit of 63839?
6
What is the hundreds digit of 5491170?
1
What is the tens digit of 1257246?
4
What is the tens digit of 123729?
2
What is the ten thousands digit of 691608?
9
What is the hundred thousands digit of 111648?
1
What is the tens digit of 19848?
4
What is the tens digit of 156851?
5
What is the hundreds digit of 4782472?
4
What is the thousands digit of 4800574?
0
What is the thousands digit of 812936?
2
What is the millions digit of 5705473?
5
What is the hundreds digit of 3294546?
5
What is the ten thousands digit of 393767?
9
What is the hundred thousands digit of 308910?
3
What is the hundred thousands digit of 698758?
6
What is the hundred thousands digit of 6602000?
6
What is the ten thousands digit of 1047618?
4
What is the hundred thousands digit of 1586604?
5
What is the ten thousands digit of 5920185?
2
What is the ten thousands digit of 4259550?
5
What is the thousands digit of 7052377?
2
What is the ten thousands digit of 646450?
4
What is the hundred thousands digit of 282006?
2
What is the tens digit of 244794?
9
What is the hundred thousands digit of 231087?
2
What is the thousands digit of 476609?
6
What is the units digit of 98186?
6
What is the tens digit of 470299?
9
What is the units digit of 609865?
5
What is the thousands digit of 2545089?
5
What is the hundred thousands digit of 3040601?
0
What is the tens digit of 147909?
0
What is the hundred thousands digit of 109843?
1
What is the thousands digit of 29669545?
9
What is the millions digit of 21651474?
1
What is the hundred thousands digit of 298653?
2
What is the ten thousands digit of 498973?
9
What is the ten thousands digit of 1098259?
9
What is the hundred thousands digit of 285002?
2
What is the tens digit of 994?
9
What is the units digit of 113474?
4
What is the units digit of 6927868?
8
What is the hundred thousands digit of 1316426?
3
What is the ten thousands digit of 595380?
9
What is the tens digit of 1069767?
6
What is the tens digit of 147939?
3
What is the ten thousands digit of 7775725?
7
What is the units digit of 44905?
5
What is the units digit of 294605?
5
What is the tens digit of 830211?
1
What is the thousands digit of 26060996?
0
What is the units digit of 188628?
8
What is the ten thousands digit of 6268741?
6
What is the hundred thousands digit of 809240?
8
What is the tens digit of 2833160?
6
What is the units digit of 23765185?
5
What is the units digit of 591862?
2
What is the hundreds digit of 1070835?
8
What is the thousands digit of 409633?
9
What is the tens digit of 849989?
8
What is the hundreds digit of 1160500?
5
What is the hundreds digit of 16075?
0
What is the ten thousands digit of 2674728?
7
What is the tens digit of 12281627?
2
What is the units digit of 110807?
7
What is the tens digit of 858576?
7
What is the tens digit of 43608?
0
What is the hundred thousands digit of 24866363?
8
What is the hundred thousands digit of 998816?
9
What is the hundred thousands digit of 221375?
2
What is the millions digit of 28518709?
8
What is the thousands digit of 1553025?
3
What is the hundreds digit of 5873759?
7
What is the units digit of 2157691?
1
What is the hundreds digit of 6790612?
6
What is the thousands digit of 273541?
3
What is the millions digit of 1265281?
1
What is the units digit of 223768?
8
What is the units digit of 20748650?
0
What is the thousands digit of 19011953?
1
What is the hundreds digit of 11641?
6
What is the ten thousands digit of 878470?
7
What is the tens digit of 3974383?
8
What is the millions digit of 8259824?
8
What is the ten thousands digit of 5087184?
8
What is the tens digit of 494294?
9
What is the hundred thousands digit of 3767134?
7
What is the thousands digit of 25137105?
7
What is the hundreds digit of 68809?
8
What is the units digit of 13823576?
6
What is the hundreds digit of 48965?
9
What is the ten thousands digit of 101228?
0
What is the units digit of 127523?
3
What is the units digit of 48479?
9
What is the tens digit of 37671483?
8
What is the hundred thousands digit of 1174935?
1
What is the ten t